18*(-3)/((-36)/f). What is the highest common divisor of h and i?
12
Let t(x) = x**3 + 10*x**2 - 9*x + 2. Let o be t(-11). Let a be o/12*(3 + -15). What is the highest common factor of a and 180?
20
Let v = 5 + 15. Calculate the highest common divisor of 10 and v.
10
Suppose 12 = 3*p - 4*v, p - 2*v = -6*v + 4. Suppose -25 = p*m - 89. Suppose g - 40 = m. What is the greatest common divisor of 14 and g?
14
Let y = 246 + -48. Let p(h) = h + 13. Let n be p(9). Calculate the highest common factor of y and n.
22
Suppose 3*l = -2*l + 115. Calculate the greatest common divisor of 92 and l.
23
Let n(v) = 2*v**2 - 2*v. Suppose -3*g + 6 = -g. Suppose -2*h - 2 = g*u - 5*u, 0 = -5*h + u - 9. Let w be n(h). Calculate the highest common divisor of w and 4.
4
Let a = 21 + -20. Let o be (4/6)/(a/9). Calculate the greatest common factor of 42 and o.
6
Let d be 18/27*(3 - 0). Let s be 1 + (-70)/2 + d. Let g be s/(-5) + (-3)/(-5). What is the greatest common factor of 14 and g?
7
Let z be 40/22 + (-24)/(-132). What is the highest common divisor of z and 1?
1
Suppose 5*k + 15 = 0, -1 = -0*y + y + 5*k. Calculate the greatest common factor of 224 and y.
14
Suppose 12*x - 17*x + 10 = 0. Suppose 25 = 3*t - 17. Calculate the greatest common divisor of x and t.
2
Suppose 1 = -3*q + 4, -3*q = 5*k - 33. Suppose -3*g - 15 = -k*n + 3*n, 3 = n - 3*g. Suppose 2*d = 13 + 23. Calculate the highest common factor of d and n.
6
Let d = 3036 + -2115. Suppose 0 = 5*r - d + 151. Suppose 4*g + 28 = 2*c, -17 = -5*c + 2*g + 53. Calculate the highest common divisor of r and c.
14
Let q(c) = -2*c - 4. Let n be q(-6). Let l be ((-45)/12)/((-2)/n). Let g = -33 + 48. What is the highest common divisor of g and l?
15
Suppose -5*l - 45 = -125. Let y(q) = -5*q + 1. Let u be y(2). Let f be 1 - u - (-4)/(-2). Calculate the highest common divisor of f and l.
8
Let x(s) = 5*s**2 + s + 2. Let w be x(-8). Suppose 0 = 3*n + 5*c - w, -244 + 42 = -2*n + 4*c. Let v = n - 70. Calculate the highest common divisor of v and 22.
11
Let z(q) = 6*q + 19. Let i be z(8). Suppose 13 = -2*k + i. What is the greatest common divisor of k and 189?
27
Suppose -3*v - 7 = -a, 21 = 4*a - 5*v - 0. Let f(y) = 4*y + 12. Let j be f(3). What is the highest common factor of j and a?
4
Let r = 493 - 343. What is the highest common divisor of 60 and r?
30
Let n = 54 + -34. What is the greatest common divisor of n and 4?
4
Let z be (-6)/2 - (-2 + -1). Suppose 0 = -5*s + 10, -8*k + 4*k + 4*s + 104 = z. Let m = k - 3. Calculate the greatest common factor of 25 and m.
25
Let h = 6 - 14. Let t = h - -28. Calculate the highest common factor of t and 220.
20
Let j be (-1245)/(-25) - 1*(-1)/5. What is the highest common divisor of j and 25?
25
Suppose -2*y = -28 - 20. Calculate the highest common divisor of 24 and y.
24
Let f be 1*(6/(-3) + 12). Suppose w - f = 6*w. Let x be (4 - 1) + 9 + w. Calculate the highest common divisor of x and 70.
10
Suppose 0 = 4*j + 6*j - 50. What is the highest common divisor of j and 5?
5
Let f be (-1 + 5)*(-6)/(-4). Let l be 4/12 - 2/6. Let p(s) = s + 3. Let j be p(l). What is the highest common divisor of j and f?
3
Let k = -21 + 36. Suppose 2*s - k = 3*s. Let w be 2 - (0 - -1) - s. Calculate the greatest common divisor of 80 and w.
16
Let x = 590 - 336. Suppose -3*d - 105 = -0*o - o, 2*o + 5*d = x. What is the greatest common divisor of o and 13?
13
Let o = 23 - 20. Calculate the highest common factor of o and 24.
3
Let k be 1 + 0 - 24/(-6). Suppose -74 = k*o - 899. Calculate the highest common divisor of 15 and o.
15
Suppose -5*b - 4*b + 162 = 0. What is the greatest common divisor of b and 9?
9
Let l = 13 - 2. Let h be 3956/18 + 2/9. Suppose -t - t + h = 0. Calculate the highest common divisor of l and t.
11
Let z be 2 + -1 - 1 - -10. Let u = 28 - 57. Let m = u - -69. Calculate the greatest common divisor of z and m.
10
Let y be (-145)/(-45) + 2/(-9). Suppose 2*f - 60 = 24. Let t be (-1)/7 - (-1014)/f. What is the highest common divisor of y and t?
3
Let h = -104 - -180. Suppose p - 1 - 18 = 0. What is the greatest common factor of p and h?
19
Let r be 1*(0 + (-2)/(-2)). Let t = r + 2. Calculate the highest common factor of t and 21.
3
Let w = -41 + 91. Suppose -2 = -4*x + w. What is the highest common divisor of 39 and x?
13
Let l = -1 + 6. Calculate the greatest common divisor of l and 40.
5
Let r = -13 + 22. Suppose 0 = -3*y + 57 + 24. Calculate the greatest common divisor of r and y.
9
Let p be 1/4 - (-30)/8. Let z(r) be the first derivative of r**4/4 - r**3 + 2*r + 15. Let a be z(p). Calculate the greatest common factor of a and 2.
2
Let k be (-1 - -138) + (2 - 2). Let c = 129 + -91. Let z = k - c. Calculate the highest common divisor of 9 and z.
9
Let o be (1/(-2))/(3/90). Let f = 0 - o. Let g be 13/3 + 4/6. What is the highest common factor of f and g?
5
Suppose l + 4*y - 2 = -0*l, 0 = 5*y + 20. What is the greatest common divisor of 2 and l?
2
Let n = -56 - -57. What is the greatest common factor of n and 3?
1
Suppose 123 = 4*q - 0*j - 3*j, 3*q + 5*j - 85 = 0. What is the highest common factor of 75 and q?
15
Suppose -1 - 59 = -4*c. Let l be 2526/c + (-4)/10. Calculate the highest common factor of l and 21.
21
Let p be ((-1)/(-3))/(3/(-261)). Let v = -14 - p. Calculate the highest common divisor of 165 and v.
15
Let k be (-12)/(-54) + 2/(-9). Suppose 0 = -4*n + 4, -n - 71 = -4*x - k. What is the greatest common factor of 144 and x?
18
Let j(k) = -4*k**3 + 2*k**2 - 1. Let n be j(1). Let t be 18*n/(6/(-2)). Calculate the highest common divisor of t and 36.
18
Let y(c) = 63*c**2. Let i be y(-1). What is the highest common factor of i and 9?
9
Let r = 65 - 57. Calculate the greatest common factor of 24 and r.
8
Let g(b) = -b**3 - b**2 - b + 5. Let w be g(-5). Calculate the highest common factor of w and 22.
22
Let d = 51 + -33. Calculate the highest common factor of d and 6.
6
Let c be (0 - -1 - 2) + 7. Let o = 8 + 10. Calculate the highest common divisor of o and c.
6
Suppose -3*x - 2*z + 39 = -5*z, 31 = 4*x + 3*z. Let s(l) = -9*l**3 - l**2 - l. Let y be s(-2). Calculate the greatest common factor of x and y.
10
Let g = 17 + -11. Let b = -37 - -61. Suppose -5*f + f + b = 0. Calculate the greatest common divisor of g and f.
6
Suppose 6*k = 5*k + 9. Calculate the highest common factor of k and 9.
9
Let v = -45 - -117. What is the greatest common factor of 9 and v?
9
Suppose -3*v + 19 = 2*a, a - 5*v + 19 = -2*a. What is the greatest common factor of 6 and a?
2
Let k(j) = j**2 - 3*j + 4. Let a be k(3). Let s(n) = n**3 - 7*n**2 - 9*n + 9. Let l be s(8). Let z = l + 31. Calculate the greatest common factor of z and a.
4
Suppose -4*q - 2 = j, 6*j = 3*j + 5*q + 28. Let d be (-15)/j*-1*-10. Let n = -5 - d. What is the greatest common factor of 4 and n?
4
Suppose 3*a - 12 + 3 = 0, 205 = i - 4*a. What is the highest common factor of 31 and i?
31
Let x be 3024/24 + -1*1. What is the greatest common divisor of 50 and x?
25
Suppose -4*u + 9 = -67. What is the greatest common factor of 133 and u?
19
Suppose 3 = 3*x, 2*h + 146 = 2*x + 744. Suppose 0*y - h = -4*y. What is the greatest common factor of 15 and y?
15
Suppose 5*w = -0*w + 600. Suppose q - 24 = -0. What is the highest common divisor of w and q?
24
Let u = -10 + 16. Let i(f) = 4*f**2 - 3*f - 1. Let q be i(-1). Calculate the greatest common factor of u and q.
6
Let t(k) = -k**3 + 3*k**2 + 4. Let o be t(3). Let x(r) = -r**3 + 4*r**2 - 5. Let w be x(3). What is the greatest common divisor of w and o?
4
Let p be 4/5*660/24. Let l = -13 + p. Calculate the greatest common factor of 18 and l.
9
Suppose 0 = 3*u - 7*n + 2*n - 9, -2*n = 0. Let w(o) = 4*o - 4. Let k be w(u). Calculate the greatest common factor of k and 32.
8
Suppose 6*d - 95 - 103 = 0. What is the highest common divisor of 3 and d?
3
Let l = 4 + -1. Let s(a) = 14*a - 2. Let n be s(l). What is the greatest common divisor of n and 4?
4
Let j(h) = -h**2 + 2*h + 2. Let r be j(4). Let q be 6/5*(-140)/r. Calculate the greatest common divisor of q and 42.
14
Suppose 3 + 9 = 4*k. Suppose -7*v = -k*v - 576. Calculate the highest common factor of 18 and v.
18
Suppose w = -4*f - w + 20, -22 = -2*f - 4*w. Suppose 0 = -4*v + 2*r + 34, 4*r + 30 + f = 3*v. What is the greatest common factor of 77 and v?
7
